Suppose 8*q - 3*y = 5*q - 4875, -4891 = 3*q + y. Let g = 1964 - q. Is g a prime number?
True
Suppose -36*u + 15*u - 99752 = -9370811. Is u a composite number?
False
Let r(l) = -24*l**2 - l + 2. Let z be r(1). Let d = z - -17. Is (3/(-4))/(d/5064) a composite number?
True
Suppose 56*f - 904992 = -40*f. Is f a prime number?
False
Suppose 4301*g - 4325*g + 749832 = 0. Is g a prime number?
False
Is 2/7 + 33032160/392 + -3 a prime number?
True
Let d(x) = -3*x + 24. Let n be d(10). Let a be ((-7)/((-105)/n))/(3/(-615)). Let q = -5 + a. Is q prime?
False
Suppose -2*d - 6 = 0, 11*g - 8*g - 3*d = 23301. Is 2 + g/14 + 12/28 a composite number?
False
Let m be (1*-6)/((-4)/30*3). Let z(y) = y - 13. Let u be z(m). Suppose -3*c - 2*l = -c - 1380, -c - u*l + 691 = 0. Is c prime?
False
Suppose 0 = -m + 3*m + 6. Suppose r - 2 = 0, 6*r - 18 = 5*p + 2*r. Is (-737 - 2)/(m - p) prime?
True
Suppose -365 = 53*j - 312. Suppose l + 3*v = -16, v - 8 = -l + 4*v. Is 14*j/(l/42) + -1 a prime number?
False
Suppose -4*w = -4*j + 42964, 2*w = -68*j + 71*j - 32223. Is j composite?
True
Let a(n) = 5*n**2 - 14*n + 4. Let y be a(-5). Let g = 63 + y. Is g a prime number?
False
Let v = -201 + 346. Let a be (-2966)/(-2) + 0 - (-15 - -20). Suppose -3*g + a = -v. Is g a composite number?
False
Let g(l) = 3667*l - 18. Let h(p) = -7335*p + 35. Let x(n) = 5*g(n) + 3*h(n). Let w be x(-4). Suppose -6*t = -t - w. Is t composite?
False
Is ((-123)/205)/(6/(-185170)) a composite number?
False
Suppose -a - 29 = 5*t, -5 - 11 = 2*t - 4*a. Is 40/(-6)*-136 - 2/t a prime number?
True
Let d(r) = -7*r**3 + 421*r**2 - 61*r + 64. Let f be d(60). Let i be (9/(-4))/((-1)/172). Suppose -f*c + 3*o - o = -514, 0 = -3*c + 2*o + i. Is c a prime number?
True
Let v = 77 - 51. Let m = 18 - v. Let q(u) = 22*u**2 + 10*u + 11. Is q(m) prime?
False
Let g(b) = 738*b**2 - 145*b - 1250. Is g(-9) prime?
True
Let t be (2/(-6) - 49/42)*-334. Suppose 17139 = 3*o - t. Suppose -z - 3499 = -3*m + 33, -o = -5*m - 5*z. Is m composite?
True
Suppose 165*h - 150*h - 855 = 0. Suppose 0 = h*y - 15*y - 194082. Is y a composite number?
False
Let x(a) = -32*a**3 + 5*a**2 + 5*a + 39. Suppose -6*n + 8*n + 10 = -4*s, s + 4*n - 15 = 0. Is x(s) a prime number?
True
Suppose 347 - 7287 = -5*g. Let b = g - 837. Suppose w - b - 150 = 0. Is w prime?
True
Suppose -20*j + 2495437 = -2591429 + 1520246. Is j composite?
True
Let i(c) = c**2 - 13. Let x be (0 - -1 - (-4)/12)*-3. Let f be i(x). Suppose -2*w = -0*m + 2*m - 250, -f*m + 12 = 0. Is w prime?
False
Let i be 14 - (5 + -9) - 2. Suppose -5*t - i + 51 = 0. Suppose 38 - 12253 = -t*w. Is w prime?
False
Suppose -833*w = -826*w - 1729119. Is w composite?
True
Let n be (5 + -4)*6*(-115)/(-2). Let v = 64 + n. Is v*(1/2 + (-2)/(-4)) prime?
True
Let o(z) = -z**2 - 10*z + 205. Let v be o(-20). Suppose -4*n - k + 10 = 0, -4*n + 3*n - 2*k = 1. Suppose n*r = v*x + 92, 3*r - 97 = -0*r + 4*x. Is r composite?
True
Let r(k) = 4*k**2 + 17*k + 100563. Is r(0) prime?
False
Is 321*(-2744)/(-144) + (-7)/(-6) + -1 a composite number?
True
Is 8 + (-232)/28 + (-962452)/(-28) a composite number?
True
Let f be (8 - (-332)/(-42)) + (-166)/(-21). Suppose 7577 = f*s - 959. Is s a prime number?
False
Suppose -2245*t + 2244*t + 299705 = 3*x, -2*x + 199800 = -t. Is x a prime number?
True
Suppose 7*o = 10*o. Suppose -4*j + 42457 + 13395 = o. Is j a composite number?
False
Let i(j) be the third derivative of j**6/30 - j**5/15 - j**4/6 - 7*j**3/6 - 4*j**2. Let g = -24 - -29. Is i(g) prime?
True
Suppose -4*n = 3*g + 1776, 2*g + 0*g = n + 444. Suppose 8*l = 6*l + 2582. Let c = l - n. Is c composite?
True
Let a = 31374 - 10811. Is a a composite number?
False
Is 2/1 - (-1648 + 6 + -13) prime?
True
Suppose -9366 = -115*q + 101*q. Is q a composite number?
True
Suppose 0 = 19*k - 10*k - 18. Suppose -5*h + 0*z - 5*z + 10 = 0, 2*h + 4*z = k. Suppose 3309 = h*u + 648. Is u a composite number?
False
Let w = 2192 - 1146. Suppose 2*d = 4*h - w, d + 913 = 5*h - 387. Is h a composite number?
True
Let p(s) = 2*s**2 - 7*s - 22. Let a = 132 + -127. Let h be p(a). Is (h/7)/(4/(-14284)) a composite number?
False
Is ((-113)/5)/(4/(-15740)) prime?
False
Let b(g) = -901*g - 7 + 4 + 6. Let m be b(9). Is (-5)/(-15) + m/(-9) a prime number?
False
Suppose -2*i + 4*i + z = 103178, -2*i = 2*z - 103182. Is i a composite number?
True
Let w(g) = -3038*g + 1426. Let i(o) = 66*o - 31. Let p(t) = -93*i(t) - 2*w(t). Is p(-26) a composite number?
True
Suppose 13*q + 155 - 532 = 0. Suppose -28*g - 1149 = -q*g. Is g a prime number?
False
Let n = -30 - -24. Let x be 2*-1 - n - (5 + -6). Suppose 4*f = x*r + 4328, -3*r + 5427 = 5*f - 5*r. Is f composite?
False
Is ((-6)/(-9) + 38/(-12))*24354122/(-65) composite?
False
Let m(j) = 19498*j + 1141. Is m(19) composite?
True
Suppose 0 = -5*s + 4*h + 2, -2*s - h = 2*h - 10. Suppose -2*t + 15017 = -5*n, -5*t - 4*n = -s*t - 22491. Is t a prime number?
False
Let h be (31 - 28) + (-2)/(2/(-2697)). Let g = -1481 + h. Is g prime?
False
Suppose 19*m - 23*m = 34*m - 8398798. Is m a composite number?
False
Let b = 945 + -940. Suppose 15*t - 14*t - 3115 = -b*q, 4*q = -2*t + 2492. Is q a composite number?
True
Let h be 0 + (-1 - -3)*1. Let b(z) = 55*z - 46*z + h - 6 - 2. Is b(5) composite?
True
Let b(n) = n**3 + 6*n**2 - 5*n + 18. Let i be b(-7). Suppose 2*k = -i, -9*x + 397 = -8*x + 2*k. Is x prime?
True
Let y(o) = 13*o**3 + 24*o**2 + 7*o + 13. Let x be y(-13). Is 98/735 - x/15 a composite number?
True
Suppose -51*u + 56*u + 3*r = 3203659, -u + 3*r + 640703 = 0. Is u a composite number?
False
Suppose -210*c - 5*a = -212*c + 293407, -3*c + 440127 = -2*a. Is c a prime number?
False
Let c = 39693 - 13668. Suppose -12*o + c = 3*o. Is o prime?
False
Let q = -6105 - -12245. Let y be (23/(-3))/(-6*5/48870). Let u = y - q. Is u a composite number?
True
Suppose -n + 380 = 3*n. Suppose -93*y = -n*y + 4642. Is y a prime number?
False
Let y = 639307 - 329330. Is y a composite number?
False
Let g(p) be the first derivative of p**6/120 + 7*p**5/20 - p**4/2 - 17*p**3/2 - 6*p**2 + 33. Let b(l) be the second derivative of g(l). Is b(-21) composite?
True
Suppose -72 + 144 = 3*s. Is 4/s + 6225/18 composite?
True
Let f(d) = -d - 1. Let u(y) = 398*y + 31. Let r(h) = -6*f(h) - u(h). Suppose i = 4*v - 19, 5*v + 3 = 23. Is r(i) a composite number?
False
Is (22894 + 0)*((-615)/(-6))/41 composite?
True
Suppose 4*x - 4*b - 50484 = -12904, 0 = x - 2*b - 9399. Is x a composite number?
False
Let q = 76 + -74. Suppose 9*r - 7*r = -3*h - 9666, 0 = 2*r - q*h + 9676. Let f = r - -6865. Is f composite?
False
Let r be -3 + (4/2 - 5)*-387. Suppose z - 391 = -b, -3*z + b + r = -b. Suppose 0*t = 2*t - z. Is t a prime number?
False
Let v = -536 + 530. Is -3*(v + -3537) - (0 + 2) a composite number?
False
Suppose 0 = -7*h + 24*h - 153. Suppose h*p - 23477 = -8*p. Is p composite?
False
Let g = 3205 + -1119. Let y = g + -353. Is y a composite number?
False
Suppose s + 2*s = -4*c + 76, -2*s + 50 = 3*c. Suppose s*o = 36*o - 80392. Is o a prime number?
False
Let r(w) = 17 + w + 19 - 33. Let d be r(9). Let y(s) = 8*s - 22. Is y(d) composite?
True
Let w(b) = 25*b + 63. Let r be w(23). Suppose 6*i - r = 316. Is i composite?
True
Let w(y) = 5*y**2 - 4. Let q(v) = -2*v**2 - 25*v - 10. Let s be q(-12). Let f be s + 0 + 20 + -7. Is w(f) a prime number?
False
Let w(f) = 275*f**2 + 53*f - 555. Is w(-29) prime?
False
Suppose 12 - 6 = 2*o. Is 5153/o - (-34)/(-51) composite?
True
Let t(j) = -j**2 + 16*j - 49. Let m be t(12). Let b = m - -5. Suppose 231 = b*v - n, 4*v + 3*n - 248 = -29. Is v composite?
True
Suppose -v = -5*v - 4, 2*v + 159760 = 2*f. Let a = -46892 + f. Is a composite?
False
Let q(h) = 358*h**2 + 48*h + 585. Is q(-22) prime?
True
Let a(n) = -586*n + 5119. Is a(-63) a prime number?
False
Let y(k) = -4*k - 4. Let l be 33/(-15) + 2/40*4. Let g be y(l). Suppose -g*t = -10602 + 1982. Is t prime?
False
Let m(d) be the second derivative of 127*d**4/12 + 11*d**3/3 + 11*d**2/2 - 2*d + 16. Is m(10) composite?
True
Suppose -79*n + 93*n - 153370 = 0. Suppose 5*x + n = 5*o, 3*o + 0*x - 6575 = 4*x. Is o composite?
True
Suppose -3*t + 5*q - 48 = t, -12 = t - 5*q. Suppose -11 = u - 8. Is u/18 - 230/t prime?
True
Let a be 396/(-30)*(-160)/12. Is (-1 - -13372) + a/22 a prime number?
False
Supp